, 109
What are the prime factors of 24930?
2, 3, 5, 277
What are the prime factors of 521?
521
What are the prime factors of 3231?
3, 359
List the prime factors of 5247.
3, 11, 53
What are the prime factors of 20653?
19, 1087
What are the prime factors of 87?
3, 29
What are the prime factors of 8920?
2, 5, 223
What are the prime factors of 281?
281
List the prime factors of 950.
2, 5, 19
List the prime factors of 16926.
2, 3, 7, 13, 31
List the prime factors of 56103.
3, 18701
What are the prime factors of 3081?
3, 13, 79
List the prime factors of 226.
2, 113
What are the prime factors of 7944?
2, 3, 331
What are the prime factors of 783?
3, 29
List the prime factors of 6423.
3, 2141
What are the prime factors of 40276?
2, 10069
List the prime factors of 1293.
3, 431
List the prime factors of 15335.
5, 3067
List the prime factors of 42183.
3, 43, 109
List the prime factors of 22313.
53, 421
List the prime factors of 2128.
2, 7, 19
List the prime factors of 113291.
193, 587
List the prime factors of 247.
13, 19
What are the prime factors of 140?
2, 5, 7
List the prime factors of 1431.
3, 53
List the prime factors of 41290.
2, 5, 4129
List the prime factors of 20416.
2, 11, 29
What are the prime factors of 45330?
2, 3, 5, 1511
List the prime factors of 60608.
2, 947
List the prime factors of 194.
2, 97
List the prime factors of 2258.
2, 1129
What are the prime factors of 1324?
2, 331
List the prime factors of 89559.
3, 31, 107
What are the prime factors of 12505?
5, 41, 61
List the prime factors of 9840.
2, 3, 5, 41
What are the prime factors of 1246?
2, 7, 89
List the prime factors of 13968.
2, 3, 97
What are the prime factors of 1457?
31, 47
List the prime factors of 32340.
2, 3, 5, 7, 11
What are the prime factors of 677?
677
What are the prime factors of 11217?
3, 3739
List the prime factors of 3697.
3697
List the prime factors of 172952.
2, 13, 1663
What are the prime factors of 51328?
2, 401
List the prime factors of 29125.
5, 233
List the prime factors of 63951.
3, 21317
List the prime factors of 612.
2, 3, 17
What are the prime factors of 9034?
2, 4517
List the prime factors of 4998.
2, 3, 7, 17
What are the prime factors of 14824?
2, 17, 109
List the prime factors of 97031.
11, 8821
List the prime factors of 66413.
66413
List the prime factors of 23232.
2, 3, 11
List the prime factors of 22772.
2, 5693
List the prime factors of 1113.
3, 7, 53
List the prime factors of 4363.
4363
List the prime factors of 98.
2, 7
What are the prime factors of 8145?
3, 5, 181
What are the prime factors of 4425?
3, 5, 59
List the prime factors of 4030.
2, 5, 13, 31
What are the prime factors of 449?
449
List the prime factors of 10694.
2, 5347
List the prime factors of 432.
2, 3
List the prime factors of 44537.
44537
What are the prime factors of 7864?
2, 983
What are the prime factors of 163?
163
List the prime factors of 2666.
2, 31, 43
List the prime factors of 20519.
17, 71
What are the prime factors of 1459?
1459
What are the prime factors of 131456?
2, 13, 79
List the prime factors of 73553.
73553
What are the prime factors of 5078?
2, 2539
What are the prime factors of 35467?
29, 1223
List the prime factors of 6573.
3, 7, 313
List the prime factors of 18786.
2, 3, 31, 101
List the prime factors of 264.
2, 3, 11
What are the prime factors of 536?
2, 67
What are the prime factors of 3862?
2, 1931
What are the prime factors of 600?
2, 3, 5
What are the prime factors of 64477?
7, 61, 151
List the prime factors of 31117.
29, 37
What are the prime factors of 1093?
1093
List the prime factors of 6387.
3, 2129
What are the prime factors of 98?
2, 7
What are the prime factors of 18418?
2, 9209
What are the prime factors of 1181?
1181
List the prime factors of 10583.
19, 557
What are the prime factors of 43537?
13, 17, 197
What are the prime factors of 1286?
2, 643
What are the prime factors of 93?
3, 31
What are the prime factors of 20680?
2, 5, 11, 47
What are the prime factors of 968?
2, 11
What are the prime factors of 15685?
5, 3137
List the prime factors of 31277.
31277
List the prime factors of 980.
2, 5, 7
What are the prime factors of 1477?
7, 211
List the prime factors of 41894.
2, 20947
What are the prime factors of 3315?
3, 5, 13, 17
List the prime factors of 7670.
2, 5, 13, 59
List the prime factors of 22406.
2, 17, 659
List the prime factors of 1642.
2, 821
What are the prime factors of 24990?
2, 3, 5, 7, 17
List the prime factors of 61175.
5, 2447
What are the prime factors of 105068?
2, 26267
List the prime factors of 2779.
7, 397
List the prime factors of 7781.
31, 251
What are the prime factors of 68876?
2, 67, 257
What are the prime factors of 2523?
3, 29
What are the prime factors of 58?
2, 29
What are the prime factors of 1538?
2, 769
What are the prime factors of 8007?
3, 17, 157
What are the prime factors of 5897?
5897
List the prime factors of 15013.
15013
List the prime factors of 1476.
2, 3, 41
List the prime factors of 10956.
2, 3, 11, 83
What are the prime factors of 344?
2, 43
List the prime factors of 1193.
1193
What are the prime factors of 2701?
37, 73
What are the prime factors of 996?
2, 3, 83
What are the prime factors of 3109?
3109
What are the prime factors of 1959?
3, 653
What are the prime factors of 452?
2, 113
List the prime factors of 51433.
19, 2707
List the prime factors of 129.
3, 43
What are the prime factors of 7741?
7741
What are the prime factors of 77350?
2, 5, 7, 13, 17
List the prime factors of 47656.
2, 7, 23, 37
What are the prime factors of 620?
2, 5, 31
List the prime factors of 98668.
2, 17, 1451
List the prime factors of 54841.
173, 317
What are the prime factors of 2070?
2, 3, 5, 23
What are the prime factors of 23360?
2, 5, 73
List the prime factors of 93808.
2, 11, 13, 41
List the prime factors of 912.
2, 3, 19
What are the prime factors of 17561?
17, 1033
List the prime factors of 394.
2, 197
What are the prime factors of 3239?
41, 79
What are the prime factors of 238?
2, 7, 17
What are the prime factors of 146?
2, 73
List the prime factors of 1925.
5, 7, 11
What are the prime factors of 60089?
60089
What are the prime factors of 39382?
2, 7, 29, 97
What are the prime factors of 108896?
2, 41, 83
What are the prime factors of 13087?
23, 569
What are the prime factors of 2760?
2, 3, 5, 23
List the prime factors of 197.
197
What are the prime factors of 3332?
2, 7, 17
What are the prime factors of 20249?
20249
What are the prime factors of 2350?
2, 5, 47
List the prime factors of 4720.
2, 5, 59
List the prime factors of 10179.
3, 13, 29
List the prime factors of 14236.
2, 3559
List the prime factors of 4995.
3, 5, 37
List the prime factors of 1519.
7, 31
What are the prime factors of 1062?
2, 3, 59
List the prime factors of 14913.
3, 1657
What are the prime factors of 13737?
3, 19, 241
List the prime factors of 10780.
2, 5, 7, 11
What are the prime factors of 1065?
3, 5, 71
List the prime factors of 946.
2, 11, 43
List the prime factors of 3400.
2, 5, 17
What are the prime factors of 8776?
2, 1097
List the prime factors of 1320.
2, 3, 5, 11
What are the prime factors of 17615?
5, 13, 271
What are the prime factors of 60322?
2, 30161
List the prime factors of 1047.
3, 349
List the prime factors of 16928.
2, 23
List the prime factors of 11.
11
List the prime factors of 3035.
5, 607
List the prime factors of 9640.
2, 5, 241
List the prime factors of 29802.
2, 3, 4967
List the prime factors of 14224.
2, 7, 127
List the prime factors of 7062.
2, 3, 11, 107
List the prime factors of 6733.
6733
List the prime factors of 805.
5, 7, 23
What are the prime factors of 1478?
2, 739
What are the prime factors of 23835?
3, 5, 7, 227
What are the prime factors of 2765?
5, 7, 79
What are the prime factors of 3398?
2, 1699
What are the prime factors of 2552?
2, 11, 29
List the prime factors of 9085.
5, 23, 79
List the prime factors of 173.
173
List the prime factors of 16284.
2, 3, 23, 59
List the prime factors of 77.
7, 11
What are the prime factors of 1526?
2, 7, 109
What are the prime factors of 3721?
61
What are the prime factors of 1265?
5, 11, 23
List the prime factors of 11600.
2, 5, 29
What are the prime factors of 1814?
2, 907
What are the prime factors of 62707?
73, 859
What are the prime factors of 11